{"id":20,"date":"2023-08-21T04:20:51","date_gmt":"2023-08-21T04:20:51","guid":{"rendered":"https:\/\/centroautomotriz.com\/?page_id=20"},"modified":"2023-08-21T05:50:22","modified_gmt":"2023-08-21T05:50:22","slug":"inicio","status":"publish","type":"page","link":"https:\/\/centroautomotriz.com\/","title":{"rendered":"Inicio"},"content":{"rendered":"\n<p>Durante nuestros 74 a\u00f1os de trayectoria nos hemos posicionado como el mejor lugar para conseguir&nbsp;<strong>refacciones y autopartes<\/strong>&nbsp;en Chihuahua. En&nbsp;<strong>CENTRO AUTOMOTRIZ<\/strong>&nbsp;somos una refaccionaria integrada por un equipo calificado para utilizar sistemas de trabajo eficientes e innovadores.<br><br>Como refaccionaria l\u00edder en la venta y&nbsp;<strong>distribuci\u00f3n de autopartes<\/strong>&nbsp;en el mercado interno y externo, nuestros productos ayudan a mantener en buenas condiciones mec\u00e1nicas los veh\u00edculos, ya que s\u00f3lo proveemos accesorios de alta calidad, nacionales e importados.<br><br>En&nbsp;<strong>CENTRO AUTOMOTRIZ<\/strong>&nbsp;mantenemos a todos nuestros clientes satisfechos. Vis\u00edtenos y conozca las soluciones que tenemos para usted. Atendemos a empresas, negocios, industrias,&nbsp;<strong>talleres mec\u00e1nicos y el\u00e9ctricos,<\/strong>&nbsp;as\u00ed como al p\u00fablico en general.<\/p>\n\n\n<div class=\"wp-block-image\">\n<figure class=\"aligncenter size-full\"><img decoding=\"async\" loading=\"lazy\" width=\"811\" height=\"406\" src=\"https:\/\/centroautomotriz.com\/wp-content\/uploads\/2023\/08\/Centro_Automotriz-e1692596938185.jpg\" alt=\"\" class=\"wp-image-59\" srcset=\"https:\/\/centroautomotriz.com\/wp-content\/uploads\/2023\/08\/Centro_Automotriz-e1692596938185.jpg 811w, https:\/\/centroautomotriz.com\/wp-content\/uploads\/2023\/08\/Centro_Automotriz-e1692596938185-300x150.jpg 300w, https:\/\/centroautomotriz.com\/wp-content\/uploads\/2023\/08\/Centro_Automotriz-e1692596938185-768x384.jpg 768w\" sizes=\"(max-width: 811px) 100vw, 811px\" \/><\/figure><\/div>","protected":false},"excerpt":{"rendered":"<p>Durante nuestros 74 a\u00f1os de trayectoria nos hemos posicionado como el mejor lugar para conseguir&nbsp;refacciones y autopartes&nbsp;en Chihuahua. En&nbsp;CENTRO AUTOMOTRIZ&nbsp;somos una refaccionaria integrada por un equipo calificado para utilizar sistemas de trabajo eficientes e innovadores. Como refaccionaria l\u00edder en la venta y&nbsp;distribuci\u00f3n de autopartes&nbsp;en el mercado interno y externo, nuestros productos ayudan a mantener en [&hellip;]<\/p>\n","protected":false},"author":1,"featured_media":0,"parent":0,"menu_order":0,"comment_status":"closed","ping_status":"closed","template":"","meta":{"footnotes":""},"_links":{"self":[{"href":"https:\/\/centroautomotriz.com\/index.php?rest_route=\/wp\/v2\/pages\/20"}],"collection":[{"href":"https:\/\/centroautomotriz.com\/index.php?rest_route=\/wp\/v2\/pages"}],"about":[{"href":"https:\/\/centroautomotriz.com\/index.php?rest_route=\/wp\/v2\/types\/page"}],"author":[{"embeddable":true,"href":"https:\/\/centroautomotriz.com\/index.php?rest_route=\/wp\/v2\/users\/1"}],"replies":[{"embeddable":true,"href":"https:\/\/centroautomotriz.com\/index.php?rest_route=%2Fwp%2Fv2%2Fcomments&post=20"}],"version-history":[{"count":3,"href":"https:\/\/centroautomotriz.com\/index.php?rest_route=\/wp\/v2\/pages\/20\/revisions"}],"predecessor-version":[{"id":61,"href":"https:\/\/centroautomotriz.com\/index.php?rest_route=\/wp\/v2\/pages\/20\/revisions\/61"}],"wp:attachment":[{"href":"https:\/\/centroautomotriz.com\/index.php?rest_route=%2Fwp%2Fv2%2Fmedia&parent=20"}],"curies":[{"name":"wp","href":"https:\/\/api.w.org\/{rel}","templated":true}]}}